
What are the prime factors of 192180?
2, 3, 5, 3203
What are the prime factors of 53458?
2, 26729
List the prime factors of 680340.
2, 3, 5, 17, 23, 29
What are the prime factors of 896369?
896369
List the prime factors of 41467.
41467
What are the prime factors of 94602?
2, 3, 15767
List the prime factors of 3322666.
2, 1661333
What are the prime factors of 3204808?
2, 400601
What are the prime factors of 44745?
3, 5, 19, 157
List the prime factors of 121920.
2, 3, 5, 127
List the prime factors of 2620857.
3, 873619
List the prime factors of 1417453.
1417453
List the prime factors of 119388.
2, 3, 9949
What are the prime factors of 5146479?
3, 13, 43987
What are the prime factors of 1350848?
2, 21107
What are the prime factors of 200149?
71, 2819
What are the prime factors of 14629?
14629
What are the prime factors of 26864712?
2, 3, 7, 151, 353
What are the prime factors of 26736?
2, 3, 557
What are the prime factors of 209103?
3, 47, 1483
List the prime factors of 1861338.
2, 3, 310223
What are the prime factors of 2332917?
3, 259213
List the prime factors of 1824605.
5, 364921
List the prime factors of 481869.
3, 661
List the prime factors of 1434167.
7, 211, 971
List the prime factors of 3394339.
13, 17, 15359
What are the prime factors of 324255?
3, 5, 21617
List the prime factors of 387858.
2, 3, 127, 509
What are the prime factors of 6329365?
5, 7, 139, 1301
List the prime factors of 284182.
2, 151, 941
List the prime factors of 32539777.
43, 756739
List the prime factors of 765894.
2, 3, 127649
What are the prime factors of 2114492?
2, 528623
List the prime factors of 566837.
131, 4327
List the prime factors of 7125337.
7125337
List the prime factors of 274865.
5, 54973
List the prime factors of 1519300.
2, 5, 15193
What are the prime factors of 160463?
17, 9439
What are the prime factors of 202551?
3, 107, 631
List the prime factors of 488316.
2, 3, 40693
List the prime factors of 7053814.
2, 151, 23357
What are the prime factors of 1934413?
13, 17, 8753
List the prime factors of 294241.
294241
What are the prime factors of 201680?
2, 5, 2521
List the prime factors of 681767.
439, 1553
What are the prime factors of 11011951?
1613, 6827
What are the prime factors of 5988351?
3, 109, 18313
What are the prime factors of 619641?
3, 11, 569
What are the prime factors of 2564179?
47, 89, 613
List the prime factors of 4454648.
2, 11, 223, 227
List the prime factors of 49943.
49943
What are the prime factors of 288530?
2, 5, 11, 43, 61
What are the prime factors of 22111092?
2, 3, 251, 2447
What are the prime factors of 17880693?
3, 73, 81647
List the prime factors of 29172267.
3, 71, 643
What are the prime factors of 1563633?
3, 71, 2447
What are the prime factors of 1770558?
2, 3, 269, 1097
What are the prime factors of 2550290?
2, 5, 181, 1409
List the prime factors of 266248.
2, 23, 1447
What are the prime factors of 8836615?
5, 19, 191, 487
List the prime factors of 274480.
2, 5, 47, 73
List the prime factors of 19102902.
2, 3, 7, 13, 59, 593
What are the prime factors of 2555203?
7, 52147
List the prime factors of 1951373.
151, 12923
List the prime factors of 458360.
2, 5, 7, 1637
List the prime factors of 511130.
2, 5, 79, 647
List the prime factors of 3959119.
3959119
List the prime factors of 2244925.
5, 89797
List the prime factors of 102329.
102329
List the prime factors of 58002.
2, 3, 7, 1381
What are the prime factors of 7518625?
5, 60149
List the prime factors of 29062.
2, 11, 1321
What are the prime factors of 1097341?
7, 59, 2657
What are the prime factors of 12403?
79, 157
List the prime factors of 207203.
383, 541
List the prime factors of 4877880.
2, 3, 5, 7, 5807
What are the prime factors of 1346644?
2, 13, 19, 29, 47
What are the prime factors of 738151?
738151
List the prime factors of 57330.
2, 3, 5, 7, 13
What are the prime factors of 317631?
3, 239, 443
What are the prime factors of 432910?
2, 5, 43291
List the prime factors of 2127084.
2, 3, 177257
List the prime factors of 15856747.
103, 153949
List the prime factors of 372151.
13, 28627
What are the prime factors of 20409?
3, 6803
What are the prime factors of 2769073?
2769073
List the prime factors of 113579.
53, 2143
What are the prime factors of 796950?
2, 3, 5, 7, 11, 23
List the prime factors of 3183897.
3, 307, 3457
List the prime factors of 47875.
5, 383
What are the prime factors of 414134?
2, 7, 29581
List the prime factors of 2897606.
2, 1448803
List the prime factors of 2130102.
2, 3, 13, 9103
List the prime factors of 35455.
5, 7, 1013
List the prime factors of 1613354.
2, 83, 9719
What are the prime factors of 4905316?
2, 13, 17, 31, 179
List the prime factors of 2876524.
2, 7, 19, 5407
What are the prime factors of 907218?
2, 3, 13, 3877
List the prime factors of 4202437.
1549, 2713
List the prime factors of 851302.
2, 67, 6353
What are the prime factors of 146673?
3, 43, 379
What are the prime factors of 13072?
2, 19, 43
What are the prime factors of 273153?
3, 83, 1097
List the prime factors of 9299949.
3, 19, 241, 677
List the prime factors of 27278083.
7, 1511, 2579
List the prime factors of 11696068.
2, 17, 172001
List the prime factors of 1170168.
2, 3, 48757
List the prime factors of 123487.
7, 13, 23, 59
List the prime factors of 1572821.
1572821
What are the prime factors of 1537221?
3, 7, 71, 1031
What are the prime factors of 774720?
2, 3, 5, 269
List the prime factors of 143821.
143821
What are the prime factors of 486097?
241, 2017
What are the prime factors of 1474807?
809, 1823
What are the prime factors of 23220676?
2, 421, 13789
What are the prime factors of 186693?
3, 13, 4787
What are the prime factors of 261426?
2, 3, 11, 17, 233
What are the prime factors of 3693321?
3, 41, 10009
What are the prime factors of 37224?
2, 3, 11, 47
List the prime factors of 410482.
2, 17, 12073
What are the prime factors of 4707675?
3, 5, 7, 61
List the prime factors of 198853.
29, 6857
List the prime factors of 26958096.
2, 3, 11, 31, 61
What are the prime factors of 3255387?
3, 61, 17789
What are the prime factors of 2124174?
2, 3, 13, 113, 241
What are the prime factors of 241189?
13, 18553
What are the prime factors of 180532?
2, 11, 373
List the prime factors of 4935080.
2, 5, 123377
List the prime factors of 146339.
61, 2399
List the prime factors of 22831525.
5, 23, 59, 673
What are the prime factors of 1624326?
2, 3, 11, 24611
List the prime factors of 337125.
3, 5, 29, 31
What are the prime factors of 40400?
2, 5, 101
What are the prime factors of 11108582?
2, 17, 19219
List the prime factors of 82944.
2, 3
What are the prime factors of 612489?
3, 204163
What are the prime factors of 37384?
2, 4673
What are the prime factors of 122113?
19, 6427
List the prime factors of 6453273.
3, 73, 79, 373
What are the prime factors of 2312109?
3, 256901
What are the prime factors of 1539165?
3, 5, 102611
What are the prime factors of 2122111?
101, 21011
List the prime factors of 5133213.
3, 127, 499
What are the prime factors of 119166?
2, 3, 19861
List the prime factors of 261856.
2, 7, 167
List the prime factors of 129732.
2, 3, 19, 569
List the prime factors of 555156.
2, 3, 7, 2203
What are the prime factors of 78245?
5, 15649
List the prime factors of 5817423.
3, 1939141
List the prime factors of 4875328.
2, 17, 4481
List the prime factors of 3057437.
31, 98627
List the prime factors of 1530780.
2, 3, 5, 31, 823
List the prime factors of 24077787.
3, 37, 216917
What are the prime factors of 1337597?
139, 9623
What are the prime factors of 1861142?
2, 930571
What are the prime factors of 916391?
7, 31, 41, 103
List the prime factors of 549556.
2, 7, 19, 1033
What are the prime factors of 1202288?
2, 163, 461
List the prime factors of 55205.
5, 61, 181
What are the prime factors of 4284693?
3, 7, 23, 2957
What are the prime factors of 236719?
7, 4831
What are the prime factors of 171561?
3, 13, 53, 83
List the prime factors of 2445703.
13, 419, 449
List the prime factors of 24868553.
3539, 7027
List the prime factors of 17256197.
7, 2465171
What are the prime factors of 239851?
239851
What are the prime factors of 167287?
131, 1277
What are the prime factors of 20480013?
3, 758519
What are the prime factors of 530643?
3, 79, 2239
What are th